r when c is divided by w(x).
0
Let q be (1 + -3 + 2)/(-3). Suppose 5*y - 2 = 3*t, -5*y + q*y + 5 = 0. Calculate the remainder when 4/26 - 60/1365*-133 is divided by t.
0
What is the remainder when (1/11)/(450/990)*1115 is divided by 110?
3
Suppose -417*c = -249843 - 225537. Calculate the remainder when c is divided by 22.
18
Suppose 4 - 11 = -z. Let r = z + -4. Suppose -2*k = -3*t + 37 - 33, 0 = t - k. Calculate the remainder when t is divided by r.
1
Let y(n) = -5*n**3 + 5 + 3*n**3 - 3*n**2 + 3*n**3 - 3*n**2 + 5*n. What is the remainder when ((-26)/4)/(9/(-36)) is divided by y(5)?
1
Let c = 22416 - 17852. Calculate the remainder when c is divided by 13.
1
Calculate the remainder when 14/35*9240/16 is divided by 32.
7
Let z be (8/6)/((-480)/(-54) + -9). What is the remainder when 240*(-8)/z + -1 is divided by 40?
39
What is the remainder when (9/1 - (7 - 40))*(-54)/(-7) is divided by 16?
4
Let y = -3618 - -3710. What is the remainder when y is divided by 21?
8
Let h be 1/(-4) - ((-780)/48 + 12). Suppose -h*m - 360 = -19*m. Calculate the remainder when 42 is divided by m.
18
Let k(r) = -2*r**3 + 19*r**2 - 51*r + 283. What is the remainder when k(7) is divided by 123?
48
Suppose -3*i = -3*s - 72, 5*i + 3*s = 72 + 80. Suppose 49 = 3*c - 110. Calculate the remainder when c is divided by i.
25
Let x = 49 - 36. What is the remainder when (-5 - 654/4)*(-10 - -8) is divided by x?
12
Let p = -105 + 178. Suppose 5253 = -p*u + 36497. Calculate the remainder when u is divided by 16.
12
Suppose -24*y + 73 = 1. Suppose 3*m = y, 24*x - 5*m = 27*x - 329. Calculate the remainder when x is divided by 31.
15
Suppose 0 = -4*o + 3*p + 20, -21*o + 15 = -18*o - p. What is the remainder when 1583 is divided by o?
3
Suppose -551 = -c - 2*t, 21*t = -c + 23*t + 555. Calculate the remainder when c is divided by 6.
1
Let i(f) = -f**2 - 31*f - 8. Let n be i(-18). Suppose -n*m + 229*m - 1578 = 0. What is the remainder when m is divided by 66?
64
What is the remainder when 10137 is divided by (8510/120)/(-23)*-12?
36
Let s(d) = -d**3 - 2*d**2 - 4. What is the remainder when s(-4) is divided by 65/130 - (-35)/2?
10
Let t(i) = -71*i - 641. Let g be t(-9). Let n(l) = -2 + 13*l + 1 - 39*l. What is the remainder when n(g) is divided by 27?
24
Suppose 0 = t + 38 - 382 - 598. Calculate the remainder when t is divided by 32.
14
Let v = 714 + -101. What is the remainder when 1 + -6 + (4 - v)/(-7) is divided by 28?
26
Let r(n) = n**3 - 5*n**2 + 7*n - 14. Let f be r(4). Let w(p) = 2*p**2 + 2*p - 1. Let g = 30 - 19. Calculate the remainder when g is divided by w(f).
2
Suppose 93*h + 358*h = 242187. Calculate the remainder when 1117 is divided by h.
43
Let o = -12072 - -12195. Calculate the remainder when 361 is divided by o.
115
Let f = 8105 - 8089. Suppose -5*i = -2*x - 389, 3*i - 3*x + 88 = 4*i. Calculate the remainder when i is divided by f.
15
Let d(r) = -r**3 - 8*r**2 + 3*r + 44. What is the remainder when 1902 is divided by d(0)?
10
Let j(s) = 13*s**2 - 345*s - 990. Calculate the remainder when 796 is divided by j(-3).
148
Suppose -6*p + 6 = -12. Suppose 0 = 2*o - p*s + 3, 2*o = -3*o + 2*s + 9. What is the remainder when 3 is divided by o?
0
Let i be (-16)/(-28)*(-5 - 2). Calculate the remainder when ((-334)/i)/(72/144) is divided by 17.
14
Suppose 105*b = 101*b + 3*w + 122, w - 66 = -2*b. What is the remainder when 942 is divided by b?
14
Let t be -1 - (-2 - 66/1). Let l = t + -32. Suppose 13 = d - k, 0 = -2*d - 5*k + 4*k + l. Calculate the remainder when 31 is divided by d.
15
Let c(b) = b**2 + 12*b + 63. Suppose s + n - 14 = -0*s, -6 = -2*n. Calculate the remainder when c(-12) is divided by s.
8
Suppose 6*s - 707 = 427. Let d(p) = -p**3 - p**2 + p + 4. Calculate the remainder when s is divided by d(-4).
45
Suppose 20 = 2*f + 3*f. Let p be (-2)/3 + 6/(-18). Calculate the remainder when p/((4/(-27))/f) is divided by 2.
1
Suppose -57 = -3*j - 0*j. Let w = -14 + j. Let c(q) = 8*q - 65. What is the remainder when c(9) is divided by w?
2
Let z = -4719 - -4728. Calculate the remainder when 1114 is divided by z.
7
Let u = -496 - -567. Let m(d) = -3*d + 183. Calculate the remainder when m(-13) is divided by u.
9
Let a(o) = o**2 + 7*o - 62. Let q be a(-24). Suppose -341*v = -q*v + 65. What is the remainder when 167 is divided by v?
11
Suppose -479 = -s - 200. Suppose s - 245 = p. What is the remainder when 133 is divided by p?
31
Let g = -52 + 187. Suppose -5 = -5*s + 4*s. Let y(v) = 8*v - 6. What is the remainder when g is divided by y(s)?
33
Suppose 275 = 5*d - i - 681, -4*d = i - 772. Suppose c - 4*z - 16 = 0, 39*c - 41*c + 3*z = -37. What is the remainder when d is divided by c?
12
Suppose 25*x - 12*x = 702. Calculate the remainder when x is divided by (95/20)/(1*(-2)/(-8)).
16
Suppose 390 - 218 = 5*i - 73. Calculate the remainder when 1193 is divided by i.
17
What is the remainder when (-190)/4*(12980/(-100) + 11) is divided by 314?
305
Let k = 0 - -2. Suppose k*o = 151 - 17. Let y = -35 + o. Calculate the remainder when y is divided by 12.
8
Let m be (-58)/(-18) + (141/(-27) - -5). Let g = m - 47. Let q = g + 54. Calculate the remainder when 23 is divided by q.
3
Suppose -199*t + 6440 = 1465. What is the remainder when 144 is divided by t?
19
Suppose 2*p = -12*v + 13*v + 147, 3*p = v + 218. What is the remainder when 303 is divided by p?
19
Suppose -b + 324 = 3*z, -279*z + 648 = 2*b - 281*z. What is the remainder when b is divided by 58?
34
Let d be -1*((-3)/(-9) + (-152)/6). Suppose d = -5*c, -4*n + 5*c + 97 = -n. Calculate the remainder when 94 is divided by n.
22
Let n = -434 - -438. Suppose 3*o = 0, -4*o + 48 + 0 = n*p. Calculate the remainder when 597 is divided by p.
9
Let h(n) = -n**3 + 19*n**2 - 123*n + 2501. What is the remainder when h(19) is divided by 97?
67
Let v = -822 - -823. Calculate the remainder when 102 is divided by (-9030)/(-126) + v/3.
30
Suppose -3*b + 5*w + 166 = 43, w + 41 = b. Calculate the remainder when 1265 is divided by b.
35
Suppose 86*a - 79*a = 315. Let m = -182 - -265. What is the remainder when m is divided by a?
38
Let b(w) = -42*w**3 - 4*w**2 - 2*w + 4. Let h(c) = c**2 + 2*c - 3. Calculate the remainder when h(10) is divided by b(-1).
29
Let o be (1030/35 - 16/(-28)) + 0. Calculate the remainder when 18 is divided by 27/216 - o/(-16).
0
Suppose s = -4*r - 81, 2*r = s - 4*s - 193. Let k = -33 - s. What is the remainder when 138 is divided by k?
26
Let w be 741/133 + (-6)/(-14). Suppose w*i - 15*i + 567 = 0. What is the remainder when i is divided by 24?
15
Let k = 13007 - 12328. Calculate the remainder when k is divided by 317.
45
Let i(a) = a**2 + 16*a + 30. Let o be i(-15). What is the remainder when ((-96)/(-2))/(o/60) is divided by 99?
93
Suppose -2292 = -9*a - 249. Calculate the remainder when a is divided by (-12 + 3)*(25/(-3) + 2).
56
Let z be ((-8)/(-12) - 0) + 10864/21. Let l = -473 + z. What is the remainder when l is divided by 16?
13
Let q(r) = 3*r - 6. Let m be q(7). Suppose 17*f - 1880 = 211. What is the remainder when f is divided by 621/m + 3/5?
39
Let k = 485 - 418. Let g be (-4)/(-14) - (-6)/(-21). Suppose 0 = i - g - 10. Calculate the remainder when k is divided by i.
7
Let b = 1886 + -1834. Calculate the remainder when 1141 is divided by b.
49
Let r(z) = 50*z - 1903. What is the remainder when 883 is divided by r(39)?
37
Calculate the remainder when 1226 is divided by (10/(-8) + 0)/(-14*18/25200).
101
Let o(j) = -316*j - 1296. What is the remainder when 574 is divided by o(-5)?
6
Let p(l) = -876*l + 5301. What is the remainder when p(5) is divided by 71?
69
Let g = 89 + -64. Suppose 4*o = 3*o + 3*y + 3, y = 0. Suppose -o*u + 4*u - 7 = 0. Calculate the remainder when g is divided by u.
4
Let s(n) = -n**3 + 2*n**2 + 8*n - 8. Let g be s(2). Calculate the remainder when 31 is divided by (42/24)/(g/32).
3
Let x = -458 - -518. Suppose -p - 2*t + 32 = -12, 4*t = -p + 36. Suppose 3*m + 16 = 3*i + p, -16 = -m - 3*i. Calculate the remainder when x is divided by m.
8
Let y(t) = t**3 + 7*t**2 - 9*t - 7. Suppose -4*b + 1 = 3*b - 8*b, 10*b - 42 = -s. Calculate the remainder when s is divided by y(-8).
0
Let l = 4702 - 4237. Calculate the remainder when l is divided by 1.
0
Let t = -14 + 21. Let y(b) = b**2 + 7*b - 287. Let q be y(0). 